 divided by c?
23
Let j(s) = -s**2 - 8*s + 3. Calculate the remainder when 17 is divided by j(-7).
7
Suppose -d + 1 + 0 = 0, 136 = 2*q + 4*d. Suppose q = 3*p - 2*p. What is the remainder when p is divided by 23?
20
Suppose -j - 5*j + 132 = 0. What is the remainder when j is divided by 8?
6
Calculate the remainder when ((-4)/(-8))/((-3)/(-378)) is divided by 16.
15
Let r be (2 - 2) + (4 - -30). Let p = r - -4. Calculate the remainder when p is divided by (2/(-3))/(2/(-39)).
12
Let p = 200 - 88. Calculate the remainder when p is divided by 23.
20
Suppose -3*b + 12 + 6 = -3*n, 16 = 2*b + 2*n. Suppose -5*h - 3 - b = 0. Let g = 10 + h. What is the remainder when g is divided by 3?
2
Suppose -5*k + 33 = -0*k - 2*c, -2*k + 4*c = -10. What is the remainder when (80/12 - 7)/(6/(-594)) is divided by k?
5
Suppose 11*d - 104 = 61. What is the remainder when 28 is divided by d?
13
Let p(s) = 4*s**2 - 2*s + 1. Let v(j) = 2*j**2 + 11*j - 11. What is the remainder when v(3) is divided by p(-2)?
19
Let r = -1 + 10. What is the remainder when 51 is divided by r?
6
Suppose -574 = -3*v - 5*d, 2*d = 4*v - 626 - 96. Calculate the remainder when v is divided by 37.
35
Suppose -2*i = -i - 11. Calculate the remainder when -3*1*(-8 - -1) is divided by ((-1)/(-1))/(1/i).
10
Let o = -39 + 51. Calculate the remainder when 45 is divided by o.
9
Let y = 1 - -16. What is the remainder when (-16)/(-20)*8*5 is divided by y?
15
Let f(j) = j**2 - 5*j - 3. Let k(w) = -w. Let s(d) = -f(d) - 4*k(d). What is the remainder when 30 is divided by s(8)?
8
Suppose 3*s - 4*s = -34. Calculate the remainder when 237 is divided by s.
33
Suppose w + 2*w - 12 = 2*x, -3*x - 2*w = 44. Suppose -j - 25 = -2*j. Calculate the remainder when j is divided by (-30)/4*x/10.
7
Let x(h) = -h**2 - 6*h - 8. Let r be x(-6). Let n be (-2)/1 - r - 2. Suppose 4*t + 14 = l - 3, -n*l = 5*t - 5. What is the remainder when 9 is divided by l?
4
Suppose -z - c + 12 = 2*z, -5*z = c - 20. Let o = 1 - -2. What is the remainder when z is divided by o?
1
Suppose 10 = 5*u, -r + 3*u - 23 - 40 = 0. What is the remainder when 75 is divided by (-6)/3*r/6?
18
Suppose 4*p = p + 273. Calculate the remainder when p is divided by 32.
27
Let b(n) = -n**2 - 11*n - 10. Suppose -5*p = -0 + 45. What is the remainder when 22 is divided by b(p)?
6
Let s(q) = -q**2 + 11*q + 8. Let h be s(10). Let v be -5*(h/(-15))/(-1). Calculate the remainder when 31 is divided by 18/12*(-44)/v.
9
Let d = -98 + 142. What is the remainder when d is divided by 16?
12
Let i(l) = l**3 + 5*l**2 - l + 7. Calculate the remainder when 22 is divided by i(-5).
10
Let v = 73 - -234. Let x = v + -135. What is the remainder when 34 is divided by x/14 + 10/(-35)?
10
Suppose l = -22 + 4. Suppose d + 28 = 2*d. What is the remainder when d is divided by (-94)/(-6) - (-12)/l?
13
Suppose 0 = 4*m - 4 - 12. What is the remainder when 12 is divided by m?
0
Let j(x) = 4*x**3 - 2*x**2 + 2*x - 2. Let p = -11 + 13. Calculate the remainder when 50 is divided by j(p).
24
Let p(i) = -2*i**3 + 2*i**2 + 2*i - 2. What is the remainder when 51 is divided by p(-2)?
15
Let c(f) = -f**3 + 9*f**2 + 8*f + 7. Let q be c(9). Let w = 111 - q. Calculate the remainder when w is divided by 17.
15
Suppose -5*m = -2*m - 63. What is the remainder when 82 is divided by m?
19
Suppose 3*i = 2*x - 27, 0 = x + x + 3*i + 3. Let q(s) = -s**2 - s + 1. Let u be q(-4). Let n = 34 + u. Calculate the remainder when n is divided by x.
5
Suppose -2*d = -3*u - 35, 2*u = 6*u + 12. Suppose -4*q - 3 = -367. Suppose -q - d = -4*k. Calculate the remainder when k is divided by 9.
8
Let r(g) = -5 + 2 - 2 + 4*g + 3. Let c be 3/2 - 2/(-4). What is the remainder when 11 is divided by r(c)?
5
Let s(u) = u**3 + u**2 + 3. Suppose -b = 3*b. Let p be s(b). Suppose -x = 4*o - 154, -p*o - 4*x = -5*o + 68. Calculate the remainder when o is divided by 13.
12
Suppose -5 = -3*n - 2*n, -3*m + 1 = 4*n. Let i(c) = -20*c**3 - 2*c**2 - 2*c - 1. Calculate the remainder when 74 is divided by i(m).
17
Suppose 7*x - 204 + 15 = 0. Calculate the remainder when x is divided by 7.
6
Let f be -1 + (8/(-2) - -7). Suppose -8 = -2*x - f*x. What is the remainder when 5 is divided by x?
1
Let j(g) = -20*g - 87. Calculate the remainder when j(-5) is divided by 8 - (-1)/1*-1.
6
Let a = -19 + 39. Calculate the remainder when 76 is divided by a.
16
Let g = 4 + -4. Let f = 9 - g. What is the remainder when 25 is divided by f?
7
Let n be 1 + -1 + (-23 - -2). Let d = n + 72. Let l(j) = 3*j**3 - 2*j**2 - 3*j + 3. Calculate the remainder when d is divided by l(2).
12
Suppose 3*c + 12 = -c. What is the remainder when c + (16 - 6/(-3)) is divided by 9?
6
Suppose 5*x + 0 = 15. Suppose -5 = -0*f - 5*f. Calculate the remainder when x is divided by f.
0
Suppose -5*z - 53 = -4*w, -60 = -3*w - 0*w - 3*z. What is the remainder when w is divided by ((-4)/10)/(4/(-60))?
5
Let l = 34 - 15. Let o = l + 0. What is the remainder when 73 is divided by o?
16
Let k(n) = -3*n + 2. What is the remainder when k(-6) is divided by 11?
9
Let o(l) = 41*l**3 - l**2 - l - 1. Let t be o(-1). What is the remainder when (-1 + 3)/((-12)/t) is divided by 3?
1
Let y be (-391)/(-6) - (-2)/(-12). Suppose 3*g = 450 - 177. Let l = g - y. What is the remainder when l is divided by 14?
12
Let m(i) = -i + 16. Let l be m(9). Let g = l - 0. Calculate the remainder when (-392)/(-20) - 6/10 is divided by g.
5
Let z(i) be the third derivative of 1/3*i**3 + 1/24*i**4 - i**2 + 0*i + 0. Calculate the remainder when 19 is divided by z(3).
4
Suppose 0 = 10*m + 3*m - 949. What is the remainder when m is divided by 20?
13
Suppose 0 = 3*w + 2*w + z - 31, -z = -1. Let v = w - -6. Calculate the remainder when 22 is divided by v.
10
What is the remainder when (-8)/(16/6) - -13 is divided by 2?
0
Let j = -35 - -60. Let n = 145 - 71. Calculate the remainder when n is divided by j.
24
Suppose -5*j = 15, 3*z - 5*j - 72 = 57. What is the remainder when z is divided by 14?
10
Let x = 333 - 315. Suppose 0 = -4*z + 5*z - 32. Calculate the remainder when z is divided by x.
14
Let p(s) = 8*s**2 + s - 1. Let i be p(1). Suppose f - i = -1. Calculate the remainder when f is divided by 1/2 - (-14)/4.
3
Let n = -69 + 120. What is the remainder when n is divided by 9?
6
Let l = -13 + 31. Calculate the remainder when l is divided by 7.
4
What is the remainder when 822/15 - (-8)/(-10) is divided by 19?
16
Let k = 47 + -37. Calculate the remainder when 49 is divided by k.
9
Let j = -26 - -58. Calculate the remainder when 61 is divided by j.
29
Let w = 18 + -13. Suppose w*r = 4*r + 6. What is the remainder when 17 is divided by r?
5
Let k(u) = -u**3 - 3*u**2 - 3*u - 1. Let f be k(-2). Calculate the remainder when 2/(-9) + (-434)/(-9) is divided by (-34)/(2*(f + -2)).
14
Let s = -4 + -24. Let m = 57 + s. Calculate the remainder when 115 is divided by m.
28
Let t(d) = 2*d**2 + 5*d + 2. Calculate the remainder when 52 is divided by t(-5).
25
Let r = 39 + -24. Calculate the remainder when r is divided by 9.
6
Let o(d) = 3*d**2 + 4*d. Let y(a) = -3*a**2 - 66*a + 28. What is the remainder when y(-22) is divided by o(-3)?
13
Suppose -2*z + 0*z - 143 = -3*o, -4*z - 16 = 0. Calculate the remainder when o is divided by 6.
3
What is the remainder when 46 is divided by (15 - -1)*((5 - 3) + -1)?
14
Suppose 0 = -2*c + 3*c - 16. Calculate the remainder when 78 is divided by c.
14
Let h(l) = -4*l**2 - l + 9. Let u(m) = -m**2 + m. Let j(c) = -h(c) + 3*u(c). What is the remainder when j(6) is divided by 13?
12
Let q = -24 + 74. Calculate the remainder when 193 is divided by q.
43
Let i(g) = 2*g**2 + 2*g - 3. Let t = 7 - 11. Calculate the remainder when i(t) is divided by 11.
10
Let i(p) = -18*p + 12. Calculate the remainder when i(-4) is divided by 43.
41
What is the remainder when (-165)/(-3) + 0 - 1 is divided by 14?
12
Let z = 14 - 10. Suppose -z*i + i + 63 = 0. Suppose 5*w = i + 94. Calculate the remainder when w is divided by 12.
11
Let p(k) = k**3 - 12*k**2 + k. Calculate the remainder when p(12) is divided by 7.
5
Suppose z = 40 - 31. Calculate the remainder when 23 is divided by z.
5
Suppose -a - 4*a = -165. Let b = 60 - a. Calculate the remainder when 39 is divided by (b - 3/(-3))/2.
11
Suppose -7 = -4*i + 17. Suppose 0 = -2*r + 2*y + 52, 0 =